a factor of 26928181?
False
Is 2 a factor of 46286334?
True
Is 2680 a factor of 1265564116?
False
Is 71455300 a multiple of 35?
True
Does 63 divide 18647854?
False
Is 435 a factor of 97426515?
True
Does 5349 divide 1874856594?
True
Is 189 a factor of 712998342?
True
Does 528 divide 78950784?
True
Is 4044767 a multiple of 152?
False
Is 2587 a factor of 554699366?
True
Does 28 divide 1188473936?
False
Does 3 divide 997686993?
True
Is 13623552 a multiple of 1458?
True
Does 101 divide 190694161?
True
Is 53126280 a multiple of 45?
True
Does 279 divide 85396388?
False
Is 154 a factor of 17078639?
False
Does 95 divide 107653525?
True
Is 13 a factor of 661971479?
True
Is 12087958 a multiple of 488?
False
Does 16 divide 27397417?
False
Is 15 a factor of 17967291?
False
Is 336 a factor of 450115680?
True
Is 181 a factor of 47441457?
False
Is 673 a factor of 2217535?
True
Is 81 a factor of 95601783?
False
Is 120 a factor of 657216290?
False
Does 1060 divide 112506280?
True
Is 58357455 a multiple of 5415?
True
Is 1664428980 a multiple of 12?
True
Is 188 a factor of 13202124?
False
Is 6 a factor of 594014676?
True
Does 480 divide 191351453?
False
Does 4 divide 501856072?
True
Does 1856 divide 3073996288?
True
Is 13 a factor of 93771971?
False
Does 61 divide 16583868?
False
Is 100627720 a multiple of 2710?
True
Is 1213 a factor of 1224386168?
False
Is 51813322 a multiple of 11?
True
Does 46 divide 94093092?
True
Is 293883710 a multiple of 2375?
False
Is 1224 a factor of 78414336?
True
Is 2757164 a multiple of 57?
False
Is 1032567 a multiple of 16?
False
Is 550 a factor of 112884592?
False
Is 986 a factor of 33332753?
False
Is 80 a factor of 259409035?
False
Is 353569194 a multiple of 2361?
True
Is 279313155 a multiple of 903?
False
Is 29275387 a multiple of 637?
False
Is 173 a factor of 14653541?
False
Is 875 a factor of 1089775353?
False
Does 94 divide 65283246?
False
Is 54084576 a multiple of 364?
True
Is 15500388 a multiple of 6?
True
Is 187 a factor of 568992006?
True
Is 121 a factor of 79637682?
False
Is 280 a factor of 9297680?
True
Is 729 a factor of 16283016?
False
Is 224567630 a multiple of 322?
True
Is 167338643 a multiple of 19?
True
Does 994 divide 151117599?
False
Is 174460241 a multiple of 358?
False
Does 1014 divide 1761135306?
False
Is 48 a factor of 135072202?
False
Does 1110 divide 138079560?
True
Does 63 divide 46152918?
True
Does 169 divide 626287298?
True
Is 6 a factor of 168396308?
False
Does 2595 divide 144956700?
True
Does 214 divide 387421116?
False
Does 658 divide 20812263?
False
Is 100572290 a multiple of 185?
True
Is 79573765 a multiple of 373?
False
Is 105 a factor of 3605881230?
True
Is 13677915 a multiple of 34?
False
Does 2 divide 1025706?
True
Does 3032 divide 46198584?
True
Does 788 divide 179160644?
False
Is 25362988 a multiple of 955?
False
Does 1412 divide 719653034?
False
Does 1734 divide 163951434?
True
Is 346682304 a multiple of 888?
True
Is 46 a factor of 13214282?
True
Does 230 divide 16138640?
True
Does 36 divide 2307041244?
True
Is 3 a factor of 117866730?
True
Is 28494456 a multiple of 124?
True
Is 1143 a factor of 514064958?
False
Is 45 a factor of 13534740?
True
Is 3265532360 a multiple of 20?
True
Does 215 divide 20120708?
False
Is 1077 a factor of 18703182?
True
Does 14 divide 19327419?
False
Does 573 divide 171396906?
True
Is 2135 a factor of 257949335?
False
Is 11566 a factor of 2297932880?
True
Is 1499 a factor of 214271557?
True
Does 10 divide 48772110?
True
Is 260 a factor of 36962724?
False
Is 563209014 a multiple of 102?
True
Is 3517216637 a multiple of 23?
False
Is 63678576 a multiple of 152?
True
Is 24309039 a multiple of 446?
False
Is 2330257177 a multiple of 51?
False
Is 2266 a factor of 52543792?
False
Is 2005920 a multiple of 40?
True
Is 133081320 a multiple of 60?
True
Is 17134139 a multiple of 380?
False
Is 61 a factor of 4361938?
False
Does 210 divide 2050440?
True
Is 4479 a factor of 394725312?
True
Is 2451 a factor of 441052548?
True
Does 50 divide 13746700?
True
Does 498 divide 283944559?
False
Is 241 a factor of 51267689?
True
Does 2507 divide 1129920425?
False
Is 690352167 a multiple of 631?
False
Does 921 divide 2616162207?
True
Is 1032999895 a multiple of 133?
False
Is 274996475 a multiple of 365?
True
Is 69293279 a multiple of 787?
False
Is 154 a factor of 100858604?
True
Is 128 a factor of 83107819?
False
Does 2736 divide 441113326?
False
Does 1749 divide 423472236?
False
Is 719 a factor of 1927639?
True
Does 86 divide 32486930?
True
Is 241 a factor of 76643302?
True
Is 994732460 a multiple of 2541?
False
Does 146 divide 159180296?
True
Is 40319564 a multiple of 41?
True
Is 82 a factor of 131673015?
False
Is 89568752 a multiple of 1456?
True
Is 2926047604 a multiple of 19?
False
Is 8 a factor of 840497135?
False
Is 10 a factor of 268857800?
True
Is 68256720 a multiple of 3736?
True
Is 119 a factor of 9185733?
False
Is 141 a factor of 18262894?
False
Is 135 a factor of 60433814?
False
Does 71 divide 284095426?
False
Is 16442424 a multiple of 5?
False
Is 91 a factor of 4836128?
False
Is 27783085 a multiple of 65?
False
Is 73117935 a multiple of 495?
True
Is 7 a factor of 70157481?
False
Does 2 divide 240820450?
True
Is 336215768 a multiple of 1217?
False
Is 26 a factor of 2995382?
True
Is 4476707793 a multiple of 16?
False
Is 8119439460 a multiple of 180?
True
Does 16 divide 276652192?
True
Is 1139962937 a multiple of 1154?
False
Is 711906655 a multiple of 53?
False
Is 110 a factor of 21101980?
False
Is 155557132 a multiple of 1951?
True
Does 29 divide 9785064?
True
Is 12 a factor of 7811867?
False
Is 475 a factor of 23963339?
False
Is 897203538 a multiple of 18?
True
Is 371462380 a multiple of 8?
False
Is 173 a factor of 2040362?
True
Is 3664 a factor of 14427605?
False
Is 33 a factor of 424189722?
True
Does 16 divide 293119440?
True
Is 1093 a factor of 211626660?
True
Does 6 divide 5390964?
True
Does 297 divide 41918574?
False
Does 73 divide 297456048?
False
Is 740 a factor of 66624420?
True
Is 376074901 a multiple of 17?
True
Is 10 a factor of 761892190?
True
Is 10058131 a multiple of 11?
False
Is 683 a factor of 3604191?
True
Does 467 divide 45214473?
True
Is 563068118 a multiple of 311?
False
Is 546 a factor of 2973855612?
True
Is 16 a factor of 97071568?
True
Is 183330454 a multiple of 15?
False
Is 729969538 a multiple of 9?
False
Does 87 divide 438344353?
False
Is 1403 a factor of 11114051?
False
Is 113967750 a multiple of 390?
True
Is 46628573 a multiple of 29?
False
Is 256 a factor of 1055302202?
False
Is 1023874584 a multiple of 114?
True
Is 60525036 a multiple of 44?
True
Is 187309765 a multiple of 336?
False
Is 62473719 a multiple of 231?
True
Is 5241753 a multiple of 33?
True
Is 20177969 a multiple of 196?
False
Is 239 a factor of 26540950?
True
Does 26 divide 2636816?
True
Is 6513 a factor of 5147312?
False
Is 170671475 a multiple of 24?
False
Does 1821 divide 30112056?
True
Is 2454 a factor of 623507853?
False
Does 9 divide 29536290?
True
Is 285 a factor of 117902505?
True
Is 9733347 a multiple of 299?
True
Is 24968255 a multiple of 65?
True
Is 32030448 a multiple of 2312?
True
Is 2391685688 a multiple of 82?
False
Is 20 a factor of 23936900?
True
Does 3 divide 40029124?
False
Is 55 a factor of 889671764?
False
Does 26 divide 343139966?
True
Does 60 divide 67914480?
True
Is 1215526061 a multiple of 437?
False
Is 529 a factor of 1328895081?
True
Is 22420140 a multiple of 4790?
False
Does 167 divide 33386725?
False
Is 1644720 a multiple of 264?
True
Does 334 divide 42078416?
False
Is 22065768 a multiple of 88?
False
Is 561243600 a multiple of 942?
True
Is 151633152 a multiple of 6176?
True
Is 5 a factor of 78183505?
True
Does 358 divide 84225276?
False
Is 1306111288 a multiple of 13?
False
Is 3095655 a multiple of 235?
True
Is 248206455 a multiple of 302?
False
Is 2 a factor of 1152802451?
False
Does 1029 divide 84009676?
False
Is 11 a factor of 8050455?
False
Does 1478 divide 111223934?
True
Does 117 divide 264686643?
True
Does 12 divide 174396060?
True
Does 78 divide 13958256?
True
Does 44 divide 135542376?
False
Is 1034030543 a multiple of 13?
True
Is 857 a factor of 15041896?
False
Is 941 a factor of 106537690?
False
Is 22 a factor of 12849498?
False
Is 200603336 a